317?
False
Is 11982 a multiple of 2?
True
Is 632 a factor of 496594?
False
Does 27 divide 62783?
False
Does 14 divide 75530?
True
Is 1577501 a multiple of 6?
False
Is 145606 a multiple of 94?
True
Does 100 divide 33187825?
False
Does 121 divide 15693?
False
Is 21 a factor of 434427?
True
Does 2 divide 699964?
True
Is 36570 a multiple of 46?
True
Is 180 a factor of 6115500?
True
Is 1830444 a multiple of 196?
True
Is 11573686 a multiple of 443?
False
Is 643492 a multiple of 38?
True
Is 74284 a multiple of 6?
False
Is 11 a factor of 1087097?
True
Is 117824 a multiple of 64?
True
Does 27 divide 5201523?
True
Is 193380 a multiple of 109?
False
Is 10 a factor of 367505?
False
Is 745 a factor of 15908461?
False
Does 1491 divide 10200318?
False
Is 974 a factor of 4621630?
True
Is 615 a factor of 16916061?
False
Is 93495 a multiple of 52?
False
Is 496 a factor of 220224?
True
Does 7 divide 76138?
False
Is 4272397 a multiple of 1561?
False
Does 19 divide 382660?
True
Is 127 a factor of 1364742?
True
Is 116172 a multiple of 36?
True
Is 463580 a multiple of 130?
True
Is 234416 a multiple of 208?
True
Is 124 a factor of 960132?
True
Does 557 divide 2610659?
True
Is 16 a factor of 976720?
True
Is 119 a factor of 390964?
False
Is 29523 a multiple of 2?
False
Is 2855302 a multiple of 20?
False
Does 153 divide 322371?
True
Is 265005 a multiple of 195?
True
Does 97 divide 2578260?
True
Does 21 divide 308721?
True
Does 10 divide 120832?
False
Is 3351201 a multiple of 777?
True
Is 36074 a multiple of 4?
False
Is 69480 a multiple of 8?
True
Is 54 a factor of 8424?
True
Does 9 divide 40581?
True
Is 12 a factor of 80952?
True
Is 11 a factor of 132795?
False
Does 347 divide 2676411?
True
Is 12 a factor of 155311?
False
Is 94 a factor of 1182189?
False
Is 409 a factor of 304296?
True
Does 153 divide 89733?
False
Is 30 a factor of 62340?
True
Is 945 a factor of 9284625?
True
Is 11 a factor of 449394?
True
Is 16 a factor of 2105681?
False
Is 17 a factor of 292437?
False
Is 4738720 a multiple of 105?
False
Does 36 divide 1025532?
True
Does 32 divide 778400?
True
Is 1143448 a multiple of 148?
True
Is 633 a factor of 572822?
False
Is 37336 even?
True
Does 12 divide 43260?
True
Is 97 a factor of 133472?
True
Does 128 divide 934656?
True
Does 85 divide 13216188?
False
Is 2678784 a multiple of 768?
True
Is 99691 a multiple of 191?
False
Is 766 a factor of 19647134?
True
Is 1714548 a multiple of 341?
True
Is 489369 a multiple of 9?
False
Is 24 a factor of 39432?
True
Is 103639 a multiple of 293?
False
Is 3200459 a multiple of 8?
False
Is 16 a factor of 45462?
False
Is 833544 a multiple of 612?
True
Does 191 divide 220097?
False
Does 357 divide 2901339?
True
Is 89325 a multiple of 15?
True
Does 7 divide 8529672?
False
Is 149800 a multiple of 3?
False
Is 358350 a multiple of 11?
False
Does 13 divide 1298712?
False
Does 119 divide 4378248?
True
Is 3853832 a multiple of 172?
True
Is 4 a factor of 7667?
False
Is 3 a factor of 694614?
True
Does 39 divide 45640?
False
Does 37 divide 19606592?
False
Does 141 divide 2671104?
True
Is 28 a factor of 4798920?
True
Does 1469 divide 4439318?
True
Does 9 divide 12574216?
False
Is 26250 a multiple of 15?
True
Is 20574 a multiple of 127?
True
Is 175945 a multiple of 77?
True
Is 19 a factor of 731182?
False
Is 6 a factor of 4468957?
False
Is 366389 a multiple of 31?
True
Is 18 a factor of 2486466?
True
Does 421 divide 1708671?
False
Is 349825 even?
False
Is 8079080 a multiple of 71?
False
Does 4 divide 6151?
False
Does 81 divide 10178891?
False
Does 85 divide 702757?
False
Is 529 a factor of 2594776?
False
Is 509 a factor of 923835?
True
Is 592769 a multiple of 101?
True
Does 189 divide 232888?
False
Is 78 a factor of 289561?
False
Is 829722 a multiple of 85?
False
Is 467051 a multiple of 458?
False
Is 18 a factor of 4563432?
True
Is 21195 even?
False
Is 14 a factor of 1362620?
True
Does 106 divide 363830?
False
Is 392 a factor of 580552?
True
Is 189490 a multiple of 396?
False
Is 209 a factor of 58828?
False
Does 529 divide 3409725?
False
Is 1965690 a multiple of 18?
True
Is 29 a factor of 981940?
True
Does 8 divide 1145872?
True
Is 23477401 a multiple of 109?
True
Does 113 divide 698412?
False
Is 3245966 a multiple of 46?
False
Is 91 a factor of 15286?
False
Is 6171950 a multiple of 50?
True
Is 173936 a multiple of 7?
True
Is 7 a factor of 57828?
False
Is 117049 a multiple of 145?
False
Is 2787702 a multiple of 82?
False
Is 675 a factor of 2431350?
True
Does 23 divide 2577472?
True
Is 209888 a multiple of 112?
True
Does 94 divide 109157?
False
Is 137751 a multiple of 21?
False
Is 55 a factor of 14195?
False
Is 143 a factor of 7830382?
False
Is 28829014 a multiple of 25?
False
Does 37 divide 654456?
True
Is 3547950 a multiple of 175?
True
Is 85 a factor of 35445?
True
Is 297781 a multiple of 121?
True
Is 31 a factor of 2901247?
False
Does 37 divide 2734004?
True
Is 134211 a multiple of 33?
True
Is 23 a factor of 254794?
True
Is 935244 a multiple of 12?
True
Is 180134 a multiple of 8?
False
Is 161 a factor of 1548981?
True
Is 19 a factor of 12971771?
False
Is 1383123 a multiple of 679?
True
Does 20 divide 90900?
True
Is 5563887 a multiple of 22?
False
Is 105228 a multiple of 13?
False
Is 2 a factor of 27739?
False
Is 549738 a multiple of 57?
False
Is 1451875 a multiple of 25?
True
Is 161240 a multiple of 58?
True
Is 1254357 a multiple of 39?
True
Does 345 divide 22136235?
True
Is 618 a factor of 2099964?
True
Is 5 a factor of 366630?
True
Is 51927 a multiple of 13?
False
Is 55 a factor of 663245?
True
Does 702 divide 172394?
False
Does 16 divide 1749296?
True
Does 21 divide 6710?
False
Does 33 divide 2762216?
False
Is 217 a factor of 814458?
False
Is 621969 a multiple of 5?
False
Is 11399980 a multiple of 53?
False
Does 55 divide 1537031?
False
Is 5020 a multiple of 10?
True
Is 202 a factor of 3066116?
False
Is 12 a factor of 226104?
True
Is 103 a factor of 840377?
True
Does 44 divide 41448?
True
Is 3968412 a multiple of 17?
True
Does 190 divide 113955?
False
Is 49 a factor of 1665363?
True
Is 393414 a multiple of 57?
True
Does 6 divide 5083?
False
Is 2276505 a multiple of 18?
False
Does 324 divide 7378908?
False
Is 2661984 a multiple of 117?
True
Is 212 a factor of 36888?
True
Is 46 a factor of 1017908?
False
Is 7 a factor of 173214?
False
Is 19193 a multiple of 4?
False
Is 9930240 a multiple of 1436?
False
Is 140 a factor of 556983?
False
Is 611 a factor of 20774?
True
Is 285427 a multiple of 477?
False
Is 32576 a multiple of 16?
True
Is 3125697 a multiple of 120?
False
Is 27385 a multiple of 5?
True
Is 11634 a multiple of 42?
True
Is 3 a factor of 108993?
True
Does 25 divide 106174?
False
Is 1250008 a multiple of 412?
True
Is 8 a factor of 40110?
False
Does 49 divide 471184?
True
Is 6794256 a multiple of 219?
True
Is 82 a factor of 38540?
True
Is 611 a factor of 1181674?
True
Is 80 a factor of 6147508?
False
Does 35 divide 644761?
False
Does 17 divide 10659?
True
Is 268 a factor of 979272?
True
Is 6594414 a multiple of 346?
True
Does 32 divide 1449399?
False
Is 20 a factor of 39600?
True
Does 12 divide 1250538?
False
Is 430956 a multiple of 27?
False
Is 7 a factor of 141659?
True
Does 12 divide 567036?
True
Does 6 divide 92093?
False
Is 5154780 a multiple of 20?
True
Is 641 a factor of 462861?
False
Is 4736 a multiple of 7?
False
Does 27 divide 540032?
False
Is 868500 a multiple of 18?
True
Is 158 a factor of 18448238?
True
Is 15946414 a multiple of 2100?
False
Is 8 a factor of 249154?
False
Is 282 a factor of 1228378?
False
Does 56 divide 4977224?
True
Does 25 divide 1295750?
True
Is 29 a factor of 109069?
True
Is 2709 a multiple of 129?
True
Is 81 a factor of 182007?
True
Is 2289328 a multiple of 184?
True
Is 2 a factor of 27096?
True
Is 199169 a multiple of 82?
False
Does 67 divide 21692791?
True
Does 133 divide 108524?
False
Is 1901829 a multiple of 401?
False
Is 1029 a factor of 6503280?
True
Is 63094 a multiple of 210?
False
Is 1201 a factor of 6737610?
True
Is 15 a factor of 930952?
False
Does 7 divide 1730666?
True
Does 311 divide 1664157?
False
Does 52 divide 167628?
False
Is 226515 a multiple of 102?
False
Is 18 a factor of 341351?
False
Is 17 a factor of 206977?
False
Is 297 a factor of 24570513?
True
Is 374 a factor of 60631